et g = 96 - -102. What is the hundreds digit of g?
1
Suppose 7584 = 5*a + a. What is the units digit of a?
4
Let w be ((-12)/(-16)*12)/1. Suppose 348 = w*v - 3*v. What is the tens digit of v?
5
Let i = -2 - -6. Let o(y) = y**2 - 6*y. Let w be o(i). Let s(b) = b**2 + 9*b + 11. What is the units digit of s(w)?
3
Let c = -154 - -121. What is the units digit of (-8)/(-44) - 3030/c?
2
Let k be 4/12 - (-3)/(-9). Let g be k*(-2 - (-1 + -2)). Suppose -87 = -4*s + 3*t, 5*t - 47 = -g*s - 4*s. What is the tens digit of s?
1
Let n = 4 - -15. Let k(d) = -1. Let s(g) = -2*g + 2. Let o(l) = 6*k(l) - s(l). What is the tens digit of o(n)?
3
What is the thousands digit of (20/6)/(348/261)*464?
1
Let w(x) = -x**2 - 13*x + 16. Let r be w(-13). Suppose 0 = 5*j + 2*a + r, -4*j - 5*a = 23. Let q(u) = -9*u. What is the tens digit of q(j)?
1
Let w be (3 + (-9)/3)/(-2). Suppose -2*b = 5*i - 111, 6 = i - w*b - 5*b. What is the units digit of i?
1
Let f be (33/2)/(2/4). Let i = f - 16. What is the units digit of i?
7
Let t(n) = 5*n - 11. Let i(w) = -26*w + 54. Let a(f) = 3*i(f) + 16*t(f). Let v be a(6). What is the tens digit of 14 + 34 + (-6)/v?
5
Suppose 6*d + 62 = -442. What is the tens digit of (21/12)/((-3)/d)?
4
What is the units digit of (-3 - (-2282)/7) + -9?
4
Let v = -38 - -23. Let u be 5/v - (-14)/6. Suppose -5*h - 5*n - 142 = -352, n = u*h - 96. What is the tens digit of h?
4
Suppose 0 = -7*s + 9*s - 1000. What is the tens digit of s?
0
Suppose l - 2*l - 73 = -3*u, -u = l - 31. Suppose 2*m = -10*m - 300. Let n = u + m. What is the units digit of n?
1
Suppose -242*d + 238*d + 4 = 0. What is the units digit of d?
1
Suppose -24*y - 4*z = -25*y + 3378, 5*z + 6744 = 2*y. What is the units digit of y?
2
Suppose 0 = 44*f - 6*f - 62320. What is the tens digit of f?
4
Let q = -1466 + 1746. What is the hundreds digit of q?
2
Suppose -3*a + 1471 = 2*n, -11*n + 3*a + 2184 = -8*n. What is the hundreds digit of n?
7
Suppose -7*b = 24 + 165. Let m = b - -6. Let n = m - -54. What is the tens digit of n?
3
Suppose 0 = 2*z + 2, -z = 3*a + 52. Let d be 34/a*(-2 + 1). What is the units digit of d*(3 + 0 + -2)?
2
What is the hundreds digit of (147/51 - 3) + 12142/34?
3
Suppose -6*p + 13 + 23 = 0. Let c be (-20)/(-12)*-2*p. What is the units digit of c/8*(-88)/4?
5
Let q(x) = -x**2 - 4*x - 15. Let w be q(5). Let r = -87 + w. Let u = -105 - r. What is the units digit of u?
2
Suppose 0 = 5*f - 5156 + 1821. What is the tens digit of f?
6
Suppose -2 = -6*c + 4. What is the hundreds digit of (-1)/(-2)*c*-38*-9?
1
Suppose 656 = 2*s + 2*o, -2*s + 636 = -o - o. Suppose -3*q = s + 481. What is the tens digit of (-5)/(-25) + q/(-10)?
2
Suppose 18*s - 19*s + 184 = 0. What is the tens digit of s?
8
Suppose -2*l + 4*l = -3*s + 221, 0 = -2*s + 2*l + 144. What is the units digit of s?
3
Suppose -s + 306 = 5*o, -4*s + 2*o + 620 + 516 = 0. What is the tens digit of s?
8
Let h = -647 - -1151. What is the tens digit of h?
0
Suppose -10*u - 195 = -5*u. Let h = 6 - u. What is the units digit of h?
5
Suppose -17*p = 3*p - 31560. What is the tens digit of p?
7
Let d be 4*(3 - (-14)/(-8)). Suppose -5*b + d = 0, -v - v = -4*b - 114. What is the tens digit of v?
5
Let i = 876 + -192. Suppose -4*f + 8*f - i = 0. What is the units digit of f?
1
Suppose 3*j = j + 36. Suppose 212 = 5*g - j. What is the tens digit of g?
4
Suppose -2*y + 4*x = -462, -5*x + 122 = -2*y + 580. What is the hundreds digit of y?
2
Let s(o) = -o**2 - 13*o + 5*o**2 - 3*o**2 + 8*o. What is the units digit of s(12)?
4
Let j be 26/3 + 2/6. Let b be (0 + 1)/(3/j). Suppose -x = x - 4*i - 8, -16 = -b*x + 5*i. What is the units digit of x?
2
Let b be -5 + 402 + -4 + -1. Suppose -5*z = j - 87, 0 = 4*j - 0*j - 2*z - b. What is the tens digit of j?
9
Suppose -4*o + 5*c - 1 = -5, -4 = -o + 2*c. Let z be 0 + (-48)/(-3) + o. Suppose -3*j = -z, -5*g - 3*j = -8 - 29. What is the units digit of g?
5
Let g(u) = u**2 - 8*u - 19. Let f = 118 + -82. Let m = -23 + f. What is the units digit of g(m)?
6
Let l(k) = 19*k**2 - 5*k + 13. What is the units digit of l(-5)?
3
Suppose -98*t + 99*t - 2 = 0. Suppose -512 = -t*r + 2*k, -4*r + 0*r = 4*k - 1024. What is the tens digit of r?
5
Let d = 19 + -22. Let b be (2/d)/((-1)/249). Suppose 3*l - 92 = 5*c, b = -l + 5*l + 2*c. What is the units digit of l?
9
Let p be 18*1/2*2. Let o = p + -10. What is the units digit of o?
8
Suppose -2*w - 2*q = 10, 4*w + 3*q + 19 = -w. Let b = 26 + w. Let j = b + -12. What is the tens digit of j?
1
Let f be (4 + -5 + -3)/(-2). Suppose -2*h + f*z = -3*h + 71, -h + 4*z + 71 = 0. What is the units digit of h?
1
Let l = -21 - -34. Suppose 3*s = -5*v - s - 10, 0 = v + 3*s + l. Suppose -f + 39 = r, -7*f + 209 = -2*f - v*r. What is the units digit of f?
1
Let g be (-16)/4 - -2 - -15. Suppose -g = -3*f + 5. What is the tens digit of -8*14*(-3)/f?
5
Let x(c) = c**2 - 3*c + 824. What is the units digit of x(0)?
4
Suppose 914 = 3*y - m, 298 = y - m + 2*m. What is the units digit of y?
3
Let p = -34 + 49. Let j = p - 37. Let z = 44 + j. What is the units digit of z?
2
Suppose 2531 = 2*t - n, 0*n + 3*n - 1262 = -t. What is the thousands digit of t?
1
Suppose -33*l - 9487 = -38*l + 4*n, 4*l - n = 7583. What is the tens digit of l?
9
Suppose -10 = -5*h, -k = -0*k - 3*h - 50. Suppose -z = 3*v - 5*z - k, -3*z + 74 = 5*v. What is the tens digit of v?
1
Suppose 16*w + 32 = 8*w. Let a(o) = -68*o - 16. What is the hundreds digit of a(w)?
2
Let j be (-450)/20 + 1/2. Let l = -136 + j. Let b = -113 - l. What is the tens digit of b?
4
Let t(z) = 22*z - 41. Let a(f) = -11*f + 21. Let m(y) = -5*a(y) - 3*t(y). What is the tens digit of m(-6)?
8
What is the hundreds digit of ((-64)/(-24))/((12/7875)/2)?
5
Let a = 7 + -2. Suppose -a*q + q + 8 = 0. Suppose -3*w + 75 = q*w. What is the units digit of w?
5
Let b = 8 - 6. Suppose 5*x - b*o - 3*o - 570 = 0, -2*o + 6 = 0. Suppose 4*l = 3*g + 96, 0 = 3*l + 2*l - 3*g - x. What is the tens digit of l?
2
Let h = -5 + 3. Let z(d) = -5*d + 5. Let q(m) = -15*m + 14. Let p(n) = 3*q(n) - 8*z(n). What is the tens digit of p(h)?
1
What is the hundreds digit of 9/(-27) - -10*664/12?
5
Let r = -35 + 226. Suppose 2*v - r = -71. What is the units digit of v?
0
Let j(r) = 3*r - 2. Let h be j(-6). Let d be (h/6)/((-1)/3). Suppose d = 4*x + x. What is the units digit of x?
2
Let x(s) = 2 + 22*s + 8*s - 5. What is the tens digit of x(2)?
5
Let k = 7795 + -4583. What is the hundreds digit of k?
2
What is the units digit of (-11)/88 + (-3266)/(-16)?
4
Let d = 1733 + -938. What is the units digit of d?
5
Suppose -144 = -2*v - 44. Let r(y) = 2*y**3 - 2*y**2 - 3*y - 3. Let s be r(3). Let h = s + v. What is the units digit of h?
4
Suppose 5*i = 2*f - 6144, 3*i - 2186 - 908 = -f. What is the thousands digit of f?
3
Let z(a) = -a - 4. Let r(l) = l**2 + 9*l + 1. Let m be r(-8). Let s be z(m). Suppose -5*n - 4*i + 119 = -0*i, 101 = s*n - 5*i. What is the tens digit of n?
2
Let v(a) = -7*a - 126. What is the units digit of v(-23)?
5
Let f = -25 + -96. Let v = f - -155. What is the units digit of v?
4
Suppose 13599 = 3*f - 3*z, 4*f = 3*z + 1146 + 16988. What is the thousands digit of f?
4
Suppose 0*o + 2 = -2*o. Let b(n) = n + 1. Let k(c) = 15*c + 11. Let v(q) = o*k(q) + 5*b(q). What is the units digit of v(-3)?
4
Suppose -2*r + b + 5 = -2, 5*r = 4*b + 22. Suppose 4*u - u = 12, v = r*u + 75. What is the tens digit of v?
8
Let w(z) = -z**3 + 6*z**2 - 2. Let k be w(6). What is the units digit of 242/(-33)*21/k?
7
What is the hundreds digit of (-411*72/81)/(2/(-6))?
0
Suppose -8 = -3*v - m - 1, 2*v = 2*m + 18. Let u(j) = 10*j - 3. What is the units digit of u(v)?
7
What is the hundreds digit of 40584/54 + (0 - (-12)/27)?
7
Suppose 3*r = x + 2006, -2*x = 5*r - 4223 + 898. What is the hundreds digit of r?
6
Let x(v) = 74*v**2 + 50*v + 36. What is the hundreds digit of x(-5)?
6
Suppose -4*d + 7*d = 5*c + 2206, 3*d = 3*c + 2196. What is the hundreds digit of d?
7
Let z(s) = 6*s**2 - 1. Let r be z(-1). Suppose -5*b + r = -10*b. Let y = 2 + b. What is the units digit of y?
1
Let d(z) = 11*z**2 - 2 - 5*z**2 - 3*z + 13*z**2. What is the tens digit of d(-1)?
2
Suppose 4*j = 4*m - 244, 0*m - 246 = -4*m + 2*j. Suppose -3*n = -118 - m. Suppose 5*b - n - 40 = 0. What is the units digit of b?
0
Suppose 2*v + 310